 What is the greatest common factor of v and 8?
1
Suppose i = -i - 4*y - 8, -5*i = 5*y. Calculate the highest common divisor of i and 8.
4
Let k = 23 - 14. What is the greatest common divisor of 6 and k?
3
Suppose 5*f = 4*h + 15, -f + h + 2 = -0. Calculate the greatest common divisor of f and 63.
7
Let y = 37 + -4. What is the greatest common factor of y and 22?
11
Suppose 227 = 4*s - 249. Calculate the highest common factor of 17 and s.
17
Suppose 0 = 6*y - y. Suppose y = -c - 5*j + 2 + 40, -j = 4*c - 92. What is the highest common factor of 154 and c?
22
Let u = 185 - 129. Calculate the greatest common divisor of 14 and u.
14
Suppose 0 = -4*a + 5*j + 229, -4*a + 4*j = -3*a - 60. Suppose 5*p + a = 191. Let y = p + -16. Calculate the greatest common divisor of 88 and y.
11
Suppose 0 = 3*q + 3*t - 102, -62 = -2*q - 3*t - 2*t. What is the highest common divisor of q and 54?
18
Let h be (-8)/6*(-3)/(-1). Let z = -4 - h. Suppose -5*d + 2*t + 358 = 0, -66 = -d - z*d - t. Calculate the highest common divisor of d and 14.
14
Suppose 0 = -2*a - 5*d - 9 - 12, -4*d - 10 = 5*a. Let k be (2*-3)/(1/(-1)). Suppose 0 = 3*h - 36 + k. What is the highest common factor of h and a?
2
Let n = -5 + 10. Suppose k + 10 = -k + 2*p, -n*p = 2*k - 18. Let d be (-3)/(9/(-228)) + k. Calculate the highest common factor of d and 15.
15
Suppose 21 + 15 = 3*n. Let c = 2 + -7. Let r(v) = v**2 + 2*v - 3. Let g be r(c). Calculate the highest common divisor of n and g.
12
Let f = -140 + 250. Suppose 0 = 5*q - 5*g - 125, 3*q + 2*q = 2*g + f. What is the greatest common factor of 40 and q?
20
Suppose -3*n + 4*u - 14 = 0, 0 = 3*n - n - 2*u + 6. Let c = n + 3. Suppose 0*i - c*i = -225. Calculate the highest common divisor of 18 and i.
9
Let b(u) = u**2 - 2*u + 5*u + 2*u**2. Let q be b(-2). Let v be ((-28)/q)/(3/(-9)). What is the greatest common divisor of v and 98?
14
Let p = 10 - 16. Let w = 8 - p. Let i(x) = -13*x + 1. Let f be i(-1). What is the greatest common divisor of w and f?
14
Suppose -4*r + 34 = 2*c, 0*r - 4 = 2*r. Calculate the greatest common divisor of c and 147.
21
Suppose 0 = -3*z + 20 + 19. Calculate the greatest common divisor of z and 104.
13
Suppose 5*z + 5*t = 60, 3*t = 2*z - 1 - 3. Let k be (-8)/(-4) + 28 + 6/3. Calculate the greatest common divisor of z and k.
8
Let a(l) = l**3 + 8*l**2 + 10*l + 4. Let x be a(-6). Calculate the greatest common divisor of x and 272.
16
Let z = 437 - 250. Calculate the highest common divisor of z and 17.
17
Suppose 0*t = -3*t + 3*q + 117, -5*t - 2*q = -202. What is the highest common factor of 200 and t?
40
Let q(c) = -c**2 + 11*c - 21. Let g be q(6). Calculate the highest common factor of 72 and g.
9
Let g(s) be the third derivative of s**5/30 + s**4/8 - 2*s**3/3 + s**2. Let o be g(-4). Calculate the highest common factor of 24 and o.
8
Suppose p - 6 = 4*l, -6 = -4*p + 3*p - 3*l. Let j be (7/(-2))/(p/(-24)). What is the greatest common factor of j and 2?
2
Suppose -4*g - 4 = -0*g. Let v(f) = 7*f**3 + f**2 + 2*f + 1. Let k be v(g). Let i be 191/7 + 2/k. Calculate the highest common divisor of i and 243.
27
Let y(w) be the first derivative of w + 1/2*w**2 + 3. Let k be y(1). What is the highest common divisor of k and 2?
2
Suppose -3*t - 1223 = 5*f, -3*f - t - 730 = -3*t. Let d = -145 - f. Let h = 17 - 8. Calculate the greatest common factor of h and d.
9
Suppose -4*h + 55 + 21 = 0. Suppose -5*q + h = v - 24, 39 = 3*q + 5*v. What is the greatest common divisor of q and 72?
8
Let y = 74 - 38. What is the greatest common factor of 24 and y?
12
Let d be (-6)/(-18) + (-10)/(-6). Let u be 1 + (5*8 - d). What is the greatest common factor of 26 and u?
13
Let j = 369 + -137. What is the highest common divisor of 29 and j?
29
Suppose -3*v + 5*a = 15, -5*v = 4*a + 2 - 14. Suppose v = -5*p + 75 - 15. What is the highest common factor of 84 and p?
12
Suppose 111 + 29 = -2*j. Let q be (140/49)/((-4)/j). Calculate the highest common factor of 5 and q.
5
Let k(z) = -2*z - 6. Let h be k(-4). Suppose b + h*b = 36. What is the highest common factor of b and 30?
6
Let n(j) = 16*j**2 - j + j. Let y(x) = 2*x**2 - 3*x + 2. Let u be y(1). Let g be n(u). What is the greatest common factor of g and 24?
8
Let s(a) = -2*a**3 - 3*a**2 + 3*a + 4. Let w be s(-3). Suppose 0 = 4*r + r - 300. Suppose 0 = 5*u - 105 - r. Calculate the greatest common factor of u and w.
11
Let d = 18 + -14. Let n = -30 + 48. Suppose 2*l + 3*h - 2 = n, 5*l - d*h = 4. Calculate the highest common factor of l and 16.
4
Suppose -8*d + 324 = 4*d. Calculate the greatest common divisor of d and 189.
27
Suppose -5*i = -3*i - 280. Let h be 5*6 + 1 + -3. Calculate the greatest common divisor of h and i.
28
Suppose 127 + 45 = p - 4*h, -5*p - 3*h = -906. Suppose 4*j = -t + 78, 2*j + 2*t = -12 + 48. What is the highest common divisor of p and j?
20
Suppose 0 = -r - m, 2*r - 8 = -4*m - 4. Let n be (-6)/r - 2/(-2). Calculate the highest common factor of n and 4.
4
Let v = -9 - -15. Suppose 0 = 4*f - 6*f + v. Calculate the greatest common factor of f and 27.
3
Let q = 62 - 37. What is the highest common factor of q and 275?
25
Suppose -2*l - 3*l + 2*u = -279, 0 = -5*l - u + 288. What is the highest common divisor of 19 and l?
19
Suppose -2*k = -0 + 112. Let a be k/(-10) + 6/15. What is the highest common divisor of 66 and a?
6
Let k be (5 - 3)/2 + 1. Suppose 5*q = k*f - 1, -5*f - 4*q - 29 = -81. What is the greatest common divisor of f and 8?
8
Let o(u) = 11*u - 1. Let a be o(1). What is the greatest common factor of a and 45?
5
Suppose 0 = 4*z + 40 - 52. What is the greatest common divisor of z and 81?
3
Let p(j) = -j + 5. Let u be p(-6). Let r(v) = v**2 + 3*v + 23. Let c be r(6). What is the highest common divisor of c and u?
11
Suppose -2*g = b - 65, -b - b = -3*g - 123. Calculate the greatest common divisor of 9 and b.
9
Suppose 5*a - 16 = -3*p + 34, 3*p - a - 44 = 0. Calculate the greatest common divisor of p and 135.
15
Let g(i) = -4*i - 10. Let b be g(-16). Calculate the greatest common factor of 6 and b.
6
Let s(l) = l**2 + 14*l + 4. Let m be s(-14). What is the greatest common divisor of m and 6?
2
Let d be (-6)/1*49/(-3). Let r be d/4 - (-1)/(-2). Let b be 10 - (7 - 3 - 2). Calculate the greatest common divisor of b and r.
8
Suppose 5*a - 2*m - 36 = 0, -7*a + 2*a = 5*m - 50. Calculate the highest common factor of 104 and a.
8
Suppose w = 7 - 3. Calculate the greatest common factor of 32 and w.
4
Suppose -20*s + 17*s = -12. Let k(f) = f**3 - 3*f**2 - 3*f + 4. Let t be k(4). Calculate the greatest common factor of t and s.
4
Suppose -3*p = -6 - 6. Let h be ((-6)/p)/(3/(-220)). Calculate the greatest common factor of 10 and h.
10
Let k be (-1)/(-2 - -1) + 48. Suppose -4*y + 20 = 0, -2*y = -2*g - 5*y + 29. What is the highest common divisor of k and g?
7
Let c = 4 + -1. Let z(w) = w**3 - 4*w**2 - 3*w - 7. Let j be z(5). What is the greatest common factor of c and j?
3
Let u be (-19 - -24) + 1*10. What is the greatest common factor of 30 and u?
15
Suppose -5*u + u = -40. Calculate the greatest common divisor of u and 30.
10
Let q = 33 - -84. Suppose 3*c + 36 = 6*c. Let u = 25 - c. What is the highest common factor of q and u?
13
Let n be 1 + (0 - 6) + 1. Let u = 7 - n. What is the greatest common factor of u and 77?
11
Let r be -1 - ((-1)/((-3)/9))/(-1). Let y be (-2)/8 + (-114)/(-8). What is the highest common factor of r and y?
2
Let d = -2 - -15. Suppose -8 = -o + 2*y - 4, o - 3*y = 5. Suppose -3*v + 216 = v + o*a, -5*v + 5*a = -240. Calculate the greatest common factor of v and d.
13
Let u(j) = -3*j**2 + 35*j - 13. Let a be u(11). Let r be 1*45/4*4. Calculate the highest common divisor of r and a.
9
Let u be (12/18)/(4/18). Suppose u*y = -y + 8. Calculate the greatest common factor of 10 and y.
2
Let l(j) = 3*j - 2 + 6*j + 0 - j. Let i(w) = w + 2. Let x be i(0). Let o be l(x). Calculate the highest common divisor of o and 28.
14
Suppose 3*w - w - 12 = -2*m, m + 3*w + 2 = 0. Let g be 0 + 1 + -1 - 0. Suppose -2*s + 6*s - 8 = g. What is the highest common factor of m and s?
2
Let y(w) = w**2 - 5*w - 4. Let l be y(6). Let m(n) = 4*n + 1. Let o be m(l). Calculate the greatest common factor of 72 and o.
9
Let z = -324 - -479. What is the highest common divisor of z and 31?
31
Suppose t - 